 by 14?
11
Suppose -49*n - 32 = -51*n. Calculate the remainder when 29 is divided by n.
13
Let g(a) = a**2 - 7*a + 12. Let b be g(9). Let m = b + -12. Calculate the remainder when 34 is divided by m.
16
Suppose -5*v - 1 + 61 = 0. Calculate the remainder when 1/(-2) - 207/(-6) is divided by v.
10
Let d(a) = -a**3 - 7*a**2 - 7*a. Suppose 0 = -5*r + 2*r - 18. What is the remainder when 21 is divided by d(r)?
3
Suppose -51*q + 53*q = 22. Calculate the remainder when 19 + 1*(1 + 0) is divided by q.
9
Suppose -5*g = 2*l + 5, -2*g = l + 1 - 0. Let p be (-1 - -1)/((-2)/1). Suppose 2*r - 28 = -p. What is the remainder when r is divided by l?
4
Suppose 3*l + 3*x + 16 = -14, -3*x - 9 = 0. Suppose 0 = -4*t + 18 + 10. Calculate the remainder when 7/l*(-18 + -1) is divided by t.
5
Let q(f) = -f**3 - 10*f**2 - 10*f - 4. Let t be q(-9). Suppose t*g + c = 50, 3*g - 4*c + 0*c - 53 = 0. Calculate the remainder when 20 is divided by g.
9
Let k(p) = -23*p**3 + p. Suppose -5*w + 2 = 7. What is the remainder when 42 is divided by k(w)?
20
Let y = -51 - -71. Suppose 16*b = 5*b + 407. Calculate the remainder when b is divided by y.
17
Let p = 41 - -21. Calculate the remainder when p is divided by 16.
14
Suppose -5*o + 245 = 10*j - 5*j, -4*j + 5*o + 187 = 0. Let z(t) = -3*t - 1. What is the remainder when j is divided by z(-6)?
14
Suppose 8*t = 4*t + 4. What is the remainder when 11 is divided by ((-1)/2)/(t/(-14))?
4
Let j(c) = -5*c**2 - 10*c + 14. Let p(k) = 2*k**2 + 3*k - 5. Let w(t) = -3*j(t) - 8*p(t). What is the remainder when 13 - 4/(-2)*-1 is divided by w(4)?
5
Let b = 17 - 12. Suppose 0 = -b*i - 4 + 24. Suppose -i*r + 5*u + 81 = 0, 4*u + 1 = 2*r - 35. What is the remainder when 70 is divided by r?
22
Let f = 12 - 6. Let i be (0 - 1) + 1 + 0. Suppose 20 = 5*w - 3*n, i*n = w - n - 4. What is the remainder when f is divided by w?
2
Let h(j) = -9*j + 5. Calculate the remainder when 135 is divided by h(-2).
20
Let r(u) = u**3 + 8*u**2 - 8*u - 8. Calculate the remainder when r(-7) is divided by 25.
22
Let f = -41 + 72. Let h = 78 + -29. Calculate the remainder when f is divided by h/3 - 2/6.
15
Let y(l) = 2*l**3 - 3*l**3 + 2*l + 5*l**2 + 7 - 3*l. Let w be y(5). Suppose i - 5*f = 7, -3 = 5*i - w*f - 15. What is the remainder when 3 is divided by i?
1
Let s be 2/(-7) - (-48)/21. Let p be (-6)/5*(-5)/s. Suppose 58 = p*b - 47. What is the remainder when b is divided by 12?
11
Let l = -464 + 483. Let w be (-16)/(-6) - (-6)/(-9). Let d(j) = 6*j**3 - 2*j**2 - j - 2. Calculate the remainder when d(w) is divided by l.
17
Calculate the remainder when (-3)/(9/(-21))*1 is divided by 6.
1
Let a be -1 + (-2*3)/(-2). Let p be 5/a*56/35. What is the remainder when (-1112)/(-28) - p/(-14) is divided by 14?
12
Suppose l = 1, -2*j - 5*l = -0*l - 33. Calculate the remainder when 36 is divided by j.
8
Let g = -38 - -75. What is the remainder when g is divided by 13?
11
Let t(n) = 1 - 3*n**2 + 0*n**3 - 7*n + 3*n**3 - 2*n**3. What is the remainder when t(6) is divided by 17?
16
Let c(k) = -2*k**3 + 18*k**2 - k - 12. Let a be c(9). Let h be (1 + 0)/(-1)*1. Let z = h - a. Calculate the remainder when 59 is divided by z.
19
Suppose 4*i - 112 - 4 = 0. Calculate the remainder when i is divided by ((-3)/2)/((-3)/(-40)*-2).
9
Suppose 0 = -0*l - 3*l + 72. Calculate the remainder when l is divided by 12/24 - 17/(-2).
6
Suppose d - 3 = -0. Suppose d*b - 30 = -0*b. Calculate the remainder when 39 is divided by b.
9
Let i = -70 - -106. Calculate the remainder when i is divided by 19.
17
Calculate the remainder when 73 is divided by 116/6 + (-5)/(45/3).
16
Let c(f) = 7*f**2 + f - 1. Let s be c(-2). Let p = s + -17. Calculate the remainder when 31 is divided by p.
7
Let d(q) = 2*q**3 - 3*q**2 + 3*q - 3. Let o(w) = -3*w - 1. Let f be o(-1). Calculate the remainder when 25 is divided by d(f).
4
Suppose -8*i + 52 + 60 = 0. What is the remainder when 26 is divided by i?
12
Let b = 18 - 14. Calculate the remainder when 15 is divided by b.
3
Let j be (12/15)/(4/50). Suppose 0 = 4*f - 8, c + 0 - j = 4*f. What is the remainder when 52 is divided by c?
16
Let o = 3 - -19. Calculate the remainder when 40 is divided by o.
18
Suppose f - 1 = 0, f - 6*f + 19 = 2*w. What is the remainder when 55 is divided by w?
6
Let r = -86 - -121. Calculate the remainder when r is divided by 1*(13 + 1 + 5).
16
Let y = -42 + 25. Let t = y + 26. What is the remainder when t is divided by 6?
3
Let f(s) = s**3 - s**2 + 3*s - 2. Let t(v) = -v**3 + 4*v**2 + 3*v - 4. Calculate the remainder when t(3) is divided by f(2).
6
Suppose 15 = s + 2*c - 3, -s + 4*c = -36. What is the remainder when s is divided by 15?
9
Let r(m) = m + 12. Let s be r(-8). Suppose -5*u + s = -11. Suppose 8 + 7 = u*y. What is the remainder when 19 is divided by y?
4
Suppose -2*l + i = -49, -19 = -l + i + 5. What is the remainder when l is divided by 10?
5
Let j(i) = 4*i - 2. Let v be (-2)/(-11) + 53/11. Let w be j(v). Calculate the remainder when 44 is divided by 274/w + (-8)/36.
14
Let q(f) = f**2 + 8*f**2 + 0*f**2 - f**2. Calculate the remainder when 29 is divided by q(1).
5
Suppose 0 = t + t. Let s = 17 + t. Let k = 20 - -13. What is the remainder when k is divided by s?
16
Suppose 2*a - 3 = -2*q + 7, -2*a - 4 = 0. Suppose 0 = -3*w - 2*w - 70. Let g = 32 + w. What is the remainder when g is divided by q?
4
Let u(y) = 15*y**2 + y + 2. What is the remainder when 31 is divided by u(-1)?
15
Let s = 10 - 1. Calculate the remainder when 15 is divided by (1 - s)/(2 + -3).
7
Let u(o) = o + 37. Let g(s) = 6*s**2 + s. Let w be g(-1). Suppose 3*i - 80 = -w*x + 8*i, 2*x - 3*i = 35. Calculate the remainder when u(0) is divided by x.
11
Suppose -5*y - 8 = -0*u - 3*u, 5*y = -4*u + 69. What is the remainder when 40 is divided by u?
7
Let f(b) = -6*b + 88. Calculate the remainder when 63 is divided by f(11).
19
Let f = -19 + 32. Suppose t - 8 = -4*x, -10 = -5*x + 3*t - 0. Suppose 2*q - 12 - x = 0. What is the remainder when f is divided by q?
6
Let z(n) = 9*n - 10. Let i(a) = 6*a - 7. Let f(m) = -7*i(m) + 5*z(m). Calculate the remainder when 50 is divided by f(6).
16
Let d(s) = s**3 + 7*s**2 - 9*s + 2. Calculate the remainder when 58 is divided by d(-8).
8
Let k = 3 - 3. Let c be (k + -1)*(0 - 0). Suppose 12 = 3*z - 0*g + 5*g, c = -5*z - g + 20. Calculate the remainder when z is divided by 3.
1
Suppose 30 = 5*x - g - 10, -g = -5. Suppose 21 = 2*f - 31. What is the remainder when f is divided by x?
8
Let h be 2*(-170)/(-8)*-2. Let c be (12/2)/((-10)/h). Suppose 2*z = -v + 2*v + c, v - 145 = -5*z. What is the remainder when z is divided by 10?
8
Let c(r) = -r**3 - 4*r**2 - 4*r + 1. What is the remainder when 30 is divided by c(-4)?
13
Calculate the remainder when (89/(-3))/(1 - (-12)/(-9)) is divided by 13.
11
Suppose 2 = u + 9. Let w = 19 + u. Calculate the remainder when w is divided by 5.
2
Let r(i) = -8*i**3 - i**2 - 2*i - 1. Let w be r(-1). Suppose 3*h - 5*g - 32 = 0, 0 = h - g - 0*g - w. Calculate the remainder when h is divided by 2.
0
Let k(p) = p**3 - 10*p**2 - 10*p + 13. What is the remainder when 119 is divided by k(11)?
23
Let z = 7 + -13. Calculate the remainder when 338/18 - z/27 is divided by 5.
4
Let h = 35 + -15. What is the remainder when 23 is divided by 24/(-10)*h/(-6)?
7
Let i(y) = -14*y. Let k = 5 - 7. Let f(t) = t**3 + 2*t**2 - 3*t. What is the remainder when i(k) is divided by f(2)?
8
Let k = -61 - -63. Calculate the remainder when k is divided by 2.
0
Let g(c) = -3*c - 5. Let t(i) = 6*i. Let y be t(-1). What is the remainder when g(y) is divided by 5?
3
Suppose -2*h + 5 = 1, -4*i = -h - 6. Calculate the remainder when i is divided by (-32)/144 + (-20)/(-9).
0
Let s(z) = 4*z**2 + z - 2. Calculate the remainder when (-4)/6*(-66 + -3) is divided by s(-2).
10
Let c(o) = -2*o**3 - 4*o**2 + o - 4. What is the remainder when c(-4) is divided by -38*(-1 - 3/(-6))?
18
Let w = 1 - -2. Suppose -8 = -w*p - p. Suppose p = c + 7, -3*x - 2*c = -23. What is the remainder when 32 is divided by x?
10
Let b(z) = z**3 + 7*z**2 - 19*z - 11. What is the remainder when b(-8) is divided by 20?
17
Suppose -3*r + 7 = 1. Suppose r*a + 79 = 207. What is the remainder when a is divided by 22?
20
Let z = 33 + -23. Let w = 23 - z. What is the remainder when 36 is divided by w?
10
S